{"id":1773,"date":"2022-09-30T14:03:07","date_gmt":"2022-09-30T17:03:07","guid":{"rendered":"https:\/\/eluxfrio.com.br\/sao-paulo\/?page_id=1773"},"modified":"2025-05-14T15:15:48","modified_gmt":"2025-05-14T18:15:48","slug":"conserto-de-maquina-de-lavar-sp","status":"publish","type":"page","link":"https:\/\/eluxfrio.com.br\/sao-paulo\/conserto-de-maquina-de-lavar-sp\/","title":{"rendered":"Conserto de M\u00e1quina de Lavar SP"},"content":{"rendered":"<p>[vc_row][vc_column width=&#8221;1\/3&#8243;][vc_single_image image=&#8221;1061&#8243; img_size=&#8221;full&#8221; alignment=&#8221;center&#8221;][\/vc_column][vc_column width=&#8221;2\/3&#8243;][vc_empty_space height=&#8221;40px&#8221;][vc_column_text]<\/p>\n<h2>Esta com problemas na m\u00e1quina de lavar?<\/h2>\n<p>[\/vc_column_text][vc_empty_space height=&#8221;30px&#8221;][vc_column_text]Ficar sem uma m\u00e1quina de lavar pode ser um dos maiores transtornos e desafios, pois lavar as roupas \u00e0 m\u00e3o demora muito tempo para concluir tal tarefa, e esse eletrodom\u00e9stico veio para facilitar a vida das pessoas. Ficar sem esse aparelho de tamanha utilidade \u00e9 muito dif\u00edcil.<\/p>\n<p>Este eletrodom\u00e9stico pode apresentar uma s\u00e9rie de defeitos, mas vale muito a pena procurar uma assist\u00eancia t\u00e9cnica para consertar a sua m\u00e1quina de lavar.[\/vc_column_text][\/vc_column][\/vc_row][vc_row][vc_column][vc_empty_space height=&#8221;40px&#8221;][\/vc_column][\/vc_row][vc_row][vc_column width=&#8221;1\/2&#8243;][vc_btn title=&#8221;WHATSAPP ASSIST\u00caNCIA 24H&#8221; style=&#8221;custom&#8221; custom_background=&#8221;#00aa08&#8243; custom_text=&#8221;#ffffff&#8221; shape=&#8221;round&#8221; size=&#8221;lg&#8221; align=&#8221;center&#8221; i_align=&#8221;right&#8221; i_icon_fontawesome=&#8221;fa fa-whatsapp&#8221; link=&#8221;url:https%3A%2F%2Fapi.whatsapp.com%2Fsend%3Fphone%3D551127701103%26text%3DPreciso%2520de%2520uma%2520Assist%25C3%25AAncia%2520T%25C3%25A9cnica%2520para%2520o%2520meu%2520Eletrodom%25C3%25A9stico&#8230;||target:%20_blank|&#8221; add_icon=&#8221;true&#8221;][\/vc_column][vc_column width=&#8221;1\/2&#8243;][vc_btn title=&#8221;LIGUE AGORA: (11) 2770-1103&#8243; style=&#8221;custom&#8221; custom_background=&#8221;#2a00a8&#8243; custom_text=&#8221;#ffffff&#8221; shape=&#8221;round&#8221; size=&#8221;lg&#8221; align=&#8221;center&#8221; i_icon_fontawesome=&#8221;fa fa-phone&#8221; link=&#8221;url:tel%3A%2B551127701103||target:%20_blank|&#8221; add_icon=&#8221;true&#8221;][\/vc_column][\/vc_row][vc_row][vc_column][vc_empty_space height=&#8221;40px&#8221;][vc_column_text]<\/p>\n<h2 style=\"text-align: center;\">Onde encontrar um conserto de m\u00e1quina de lavar?<\/h2>\n<p>A <a href=\"https:\/\/eluxfrio.com.br\/sao-paulo\/empresa-de-assistencia-tecnica-sp\/\"><strong>Eluxfrio<\/strong><\/a> agora esta aqui na cidade de S\u00e3o Paulo com uma <a href=\"https:\/\/eluxfrio.com.br\/sao-paulo\/assistencia-tecnica-sp\/\"><strong>assist\u00eancia t\u00e9cnica em S\u00e3o Paulo<\/strong><\/a>, podendo realizar todo o conserto necess\u00e1rio de sua <strong>m\u00e1quina de lavar<\/strong>. Uma empresa que promete altos padr\u00f5es de efic\u00e1cia, com mais de 10 anos no mercado de <strong>assist\u00eancia t\u00e9cnica<\/strong>, sendo todas as nossas manuten\u00e7\u00f5es feitas com pe\u00e7as originais e profissionais extremamente qualificados, com garantia de 90 dias e tamb\u00e9m os melhores pre\u00e7os.<\/p>\n<p>Realizamos <a href=\"https:\/\/eluxfrio.com.br\/sao-paulo\/conserto-de-eletrodomestico-sao-paulo\/\"><strong>consertos de eletrodom\u00e9sticos<\/strong><\/a> grandes e pequenos, de diversas marcas como: <strong><a href=\"https:\/\/eluxfrio.com.br\/sao-paulo\/assistencia-tecnica-brastemp\/\">Brastemp<\/a>, <a href=\"https:\/\/eluxfrio.com.br\/sao-paulo\/assistencia-tecnica-electrolux\/\">Electrolux<\/a>, <a href=\"https:\/\/eluxfrio.com.br\/sao-paulo\/assistencia-tecnica-consul\/\">Consul<\/a>, <a href=\"https:\/\/eluxfrio.com.br\/sao-paulo\/assistencia-tecnica-continental\/\">Continental<\/a>, <a href=\"https:\/\/eluxfrio.com.br\/sao-paulo\/assistencia-tecnica-samsung\/\">Samsung<\/a>, <a href=\"https:\/\/eluxfrio.com.br\/sao-paulo\/assistencia-tecnica-lg\/\">LG<\/a>, <a href=\"https:\/\/eluxfrio.com.br\/sao-paulo\/assistencia-tecnica-ge\/\">GE<\/a>, <a href=\"https:\/\/eluxfrio.com.br\/sao-paulo\/assistencia-tecnica-dako\/\">DAKO<\/a> e <a href=\"https:\/\/eluxfrio.com.br\/sao-paulo\/assistencia-tecnica-bosch\/\">Bosch<\/a><\/strong>.<\/p>\n<p>Conte com nossos profissionais, garantimos o <strong>conserto de sua m\u00e1quina de lavar<\/strong>, contando sempre com o profissionalismo e compromisso, realizando o trabalho de forma excelente, n\u00e3o deixe para mais tarde, deixe-nos ajud\u00e1-lo com seu problema![\/vc_column_text][vc_empty_space height=&#8221;40px&#8221;][\/vc_column][\/vc_row][vc_row][vc_column width=&#8221;1\/2&#8243;][vc_btn title=&#8221;WHATSAPP ASSIST\u00caNCIA 24H&#8221; style=&#8221;custom&#8221; custom_background=&#8221;#00aa08&#8243; custom_text=&#8221;#ffffff&#8221; shape=&#8221;round&#8221; size=&#8221;lg&#8221; align=&#8221;center&#8221; i_align=&#8221;right&#8221; i_icon_fontawesome=&#8221;fa fa-whatsapp&#8221; link=&#8221;url:https%3A%2F%2Fapi.whatsapp.com%2Fsend%3Fphone%3D551127701103%26text%3DPreciso%2520de%2520uma%2520Assist%25C3%25AAncia%2520T%25C3%25A9cnica%2520para%2520o%2520meu%2520Eletrodom%25C3%25A9stico&#8230;||target:%20_blank|&#8221; add_icon=&#8221;true&#8221;][\/vc_column][vc_column width=&#8221;1\/2&#8243;][vc_btn title=&#8221;LIGUE AGORA: (11) 2770-1103&#8243; style=&#8221;custom&#8221; custom_background=&#8221;#2a00a8&#8243; custom_text=&#8221;#ffffff&#8221; shape=&#8221;round&#8221; size=&#8221;lg&#8221; align=&#8221;center&#8221; i_icon_fontawesome=&#8221;fa fa-phone&#8221; link=&#8221;url:tel%3A%2B551127701103||target:%20_blank|&#8221; add_icon=&#8221;true&#8221;][\/vc_column][\/vc_row][vc_row][vc_column][vc_empty_space height=&#8221;40px&#8221;][\/vc_column][\/vc_row]<\/p>\n","protected":false},"excerpt":{"rendered":"<p>[vc_row][vc_column width=&#8221;1\/3&#8243;][vc_single_image image=&#8221;1061&#8243; img_size=&#8221;full&#8221; alignment=&#8221;center&#8221;][\/vc_column][vc_column width=&#8221;2\/3&#8243;][vc_empty_space height=&#8221;40px&#8221;][vc_column_text] Esta com problemas na m\u00e1quina de lavar? [\/vc_column_text][vc_empty_space height=&#8221;30px&#8221;][vc_column_text]Ficar sem uma m\u00e1quina de lavar pode ser um dos maiores transtornos e desafios, pois lavar as roupas \u00e0 m\u00e3o demora muito tempo para concluir tal tarefa, e esse eletrodom\u00e9stico veio para facilitar a vida das pessoas. Ficar sem esse [&hellip;]<\/p>\n","protected":false},"author":1,"featured_media":0,"parent":0,"menu_order":0,"comment_status":"closed","ping_status":"closed","template":"","meta":[],"yst_prominent_words":[],"_links":{"self":[{"href":"https:\/\/eluxfrio.com.br\/sao-paulo\/wp-json\/wp\/v2\/pages\/1773"}],"collection":[{"href":"https:\/\/eluxfrio.com.br\/sao-paulo\/wp-json\/wp\/v2\/pages"}],"about":[{"href":"https:\/\/eluxfrio.com.br\/sao-paulo\/wp-json\/wp\/v2\/types\/page"}],"author":[{"embeddable":true,"href":"https:\/\/eluxfrio.com.br\/sao-paulo\/wp-json\/wp\/v2\/users\/1"}],"replies":[{"embeddable":true,"href":"https:\/\/eluxfrio.com.br\/sao-paulo\/wp-json\/wp\/v2\/comments?post=1773"}],"version-history":[{"count":0,"href":"https:\/\/eluxfrio.com.br\/sao-paulo\/wp-json\/wp\/v2\/pages\/1773\/revisions"}],"wp:attachment":[{"href":"https:\/\/eluxfrio.com.br\/sao-paulo\/wp-json\/wp\/v2\/media?parent=1773"}],"wp:term":[{"taxonomy":"yst_prominent_words","embeddable":true,"href":"https:\/\/eluxfrio.com.br\/sao-paulo\/wp-json\/wp\/v2\/yst_prominent_words?post=1773"}],"curies":[{"name":"wp","href":"https:\/\/api.w.org\/{rel}","templated":true}]}}

Conserto de Máquina de Lavar SP

<p>[vc_row][vc_column width=&#8221;1/3&#8243;][vc_single_image image=&#8221;1061&#8243; img_size=&#8221;full&#8221; alignment=&#8221;center&#8221;][/vc_column][vc_column width=&#8221;2/3&#8243;][vc_empty_space height=&#8221;40px&#8221;][vc_column_text]</p>
<h2>Esta com problemas na máquina de lavar?</h2>
<p>[/vc_column_text][vc_empty_space height=&#8221;30px&#8221;][vc_column_text]Ficar sem uma máquina de lavar pode ser um dos maiores transtornos e desafios, pois lavar as roupas à mão demora muito tempo para concluir tal tarefa, e esse eletrodoméstico veio para facilitar a vida das pessoas. Ficar sem esse aparelho de tamanha utilidade é muito difícil.</p>
<p>Este eletrodoméstico pode apresentar uma série de defeitos, mas vale muito a pena procurar uma assistência técnica para consertar a sua máquina de lavar.[/vc_column_text][/vc_column][/vc_row][vc_row][vc_column][vc_empty_space height=&#8221;40px&#8221;][/vc_column][/vc_row][vc_row][vc_column width=&#8221;1/2&#8243;][vc_btn title=&#8221;WHATSAPP ASSISTÊNCIA 24H&#8221; style=&#8221;custom&#8221; custom_background=&#8221;#00aa08&#8243; custom_text=&#8221;#ffffff&#8221; shape=&#8221;round&#8221; size=&#8221;lg&#8221; align=&#8221;center&#8221; i_align=&#8221;right&#8221; i_icon_fontawesome=&#8221;fa fa-whatsapp&#8221; link=&#8221;url:https%3A%2F%2Fapi.whatsapp.com%2Fsend%3Fphone%3D551127701103%26text%3DPreciso%2520de%2520uma%2520Assist%25C3%25AAncia%2520T%25C3%25A9cnica%2520para%2520o%2520meu%2520Eletrodom%25C3%25A9stico&#8230;||target:%20_blank|&#8221; add_icon=&#8221;true&#8221;][/vc_column][vc_column width=&#8221;1/2&#8243;][vc_btn title=&#8221;LIGUE AGORA: (11) 2770-1103&#8243; style=&#8221;custom&#8221; custom_background=&#8221;#2a00a8&#8243; custom_text=&#8221;#ffffff&#8221; shape=&#8221;round&#8221; size=&#8221;lg&#8221; align=&#8221;center&#8221; i_icon_fontawesome=&#8221;fa fa-phone&#8221; link=&#8221;url:tel%3A%2B551127701103||target:%20_blank|&#8221; add_icon=&#8221;true&#8221;][/vc_column][/vc_row][vc_row][vc_column][vc_empty_space height=&#8221;40px&#8221;][vc_column_text]</p>
<h2 style="text-align: center;">Onde encontrar um conserto de máquina de lavar?</h2>
<p>A <a href="https://eluxfrio.com.br/sao-paulo/empresa-de-assistencia-tecnica-sp/"><strong>Eluxfrio</strong></a> agora esta aqui na cidade de São Paulo com uma <a href="https://eluxfrio.com.br/sao-paulo/assistencia-tecnica-sp/"><strong>assistência técnica em São Paulo</strong></a>, podendo realizar todo o conserto necessário de sua <strong>máquina de lavar</strong>. Uma empresa que promete altos padrões de eficácia, com mais de 10 anos no mercado de <strong>assistência técnica</strong>, sendo todas as nossas manutenções feitas com peças originais e profissionais extremamente qualificados, com garantia de 90 dias e também os melhores preços.</p>
<p>Realizamos <a href="https://eluxfrio.com.br/sao-paulo/conserto-de-eletrodomestico-sao-paulo/"><strong>consertos de eletrodomésticos</strong></a> grandes e pequenos, de diversas marcas como: <strong><a href="https://eluxfrio.com.br/sao-paulo/assistencia-tecnica-brastemp/">Brastemp</a>, <a href="https://eluxfrio.com.br/sao-paulo/assistencia-tecnica-electrolux/">Electrolux</a>, <a href="https://eluxfrio.com.br/sao-paulo/assistencia-tecnica-consul/">Consul</a>, <a href="https://eluxfrio.com.br/sao-paulo/assistencia-tecnica-continental/">Continental</a>, <a href="https://eluxfrio.com.br/sao-paulo/assistencia-tecnica-samsung/">Samsung</a>, <a href="https://eluxfrio.com.br/sao-paulo/assistencia-tecnica-lg/">LG</a>, <a href="https://eluxfrio.com.br/sao-paulo/assistencia-tecnica-ge/">GE</a>, <a href="https://eluxfrio.com.br/sao-paulo/assistencia-tecnica-dako/">DAKO</a> e <a href="https://eluxfrio.com.br/sao-paulo/assistencia-tecnica-bosch/">Bosch</a></strong>.</p>
<p>Conte com nossos profissionais, garantimos o <strong>conserto de sua máquina de lavar</strong>, contando sempre com o profissionalismo e compromisso, realizando o trabalho de forma excelente, não deixe para mais tarde, deixe-nos ajudá-lo com seu problema![/vc_column_text][vc_empty_space height=&#8221;40px&#8221;][/vc_column][/vc_row][vc_row][vc_column width=&#8221;1/2&#8243;][vc_btn title=&#8221;WHATSAPP ASSISTÊNCIA 24H&#8221; style=&#8221;custom&#8221; custom_background=&#8221;#00aa08&#8243; custom_text=&#8221;#ffffff&#8221; shape=&#8221;round&#8221; size=&#8221;lg&#8221; align=&#8221;center&#8221; i_align=&#8221;right&#8221; i_icon_fontawesome=&#8221;fa fa-whatsapp&#8221; link=&#8221;url:https%3A%2F%2Fapi.whatsapp.com%2Fsend%3Fphone%3D551127701103%26text%3DPreciso%2520de%2520uma%2520Assist%25C3%25AAncia%2520T%25C3%25A9cnica%2520para%2520o%2520meu%2520Eletrodom%25C3%25A9stico&#8230;||target:%20_blank|&#8221; add_icon=&#8221;true&#8221;][/vc_column][vc_column width=&#8221;1/2&#8243;][vc_btn title=&#8221;LIGUE AGORA: (11) 2770-1103&#8243; style=&#8221;custom&#8221; custom_background=&#8221;#2a00a8&#8243; custom_text=&#8221;#ffffff&#8221; shape=&#8221;round&#8221; size=&#8221;lg&#8221; align=&#8221;center&#8221; i_icon_fontawesome=&#8221;fa fa-phone&#8221; link=&#8221;url:tel%3A%2B551127701103||target:%20_blank|&#8221; add_icon=&#8221;true&#8221;][/vc_column][/vc_row][vc_row][vc_column][vc_empty_space height=&#8221;40px&#8221;][/vc_column][/vc_row]</p>

<p>[vc_row][vc_column width=&#8221;1/3&#8243;][vc_single_image image=&#8221;1061&#8243; img_size=&#8221;full&#8221; alignment=&#8221;center&#8221;][/vc_column][vc_column width=&#8221;2/3&#8243;][vc_empty_space height=&#8221;40px&#8221;][vc_column_text] Esta com problemas na máquina de lavar? [/vc_column_text][vc_empty_space height=&#8221;30px&#8221;][vc_column_text]Ficar sem uma máquina de lavar pode ser um dos maiores transtornos e desafios, pois lavar as roupas à mão demora muito tempo para concluir tal tarefa, e esse eletrodoméstico veio para facilitar a vida das pessoas. Ficar sem esse [&hellip;]</p>
