{"id":1776,"date":"2022-09-30T14:05:52","date_gmt":"2022-09-30T17:05:52","guid":{"rendered":"https:\/\/eluxfrio.com.br\/sao-paulo\/?page_id=1776"},"modified":"2025-05-14T15:15:35","modified_gmt":"2025-05-14T18:15:35","slug":"conserto-de-microondas","status":"publish","type":"page","link":"https:\/\/eluxfrio.com.br\/sao-paulo\/conserto-de-microondas\/","title":{"rendered":"Conserto de Microondas SP"},"content":{"rendered":"<p>[vc_row][vc_column width=&#8221;1\/3&#8243;][vc_empty_space height=&#8221;20px&#8221;][vc_single_image image=&#8221;1069&#8243; img_size=&#8221;full&#8221; alignment=&#8221;center&#8221;][\/vc_column][vc_column width=&#8221;2\/3&#8243;][vc_column_text]<\/p>\n<h2>Problemas com o seu microondas?<\/h2>\n<p>O <strong>microondas<\/strong> \u00e9 um eletrodom\u00e9stico capaz de reduzir o tempo do preparo de alimentos, tornando mais pr\u00e1tica e simples a vida de seus usu\u00e1rios. Sendo muito \u00fatil na prepara\u00e7\u00e3o de v\u00e1rios pratos e aquecendo \u00e0 temperatura ideal para consumo. Al\u00e9m de proporcionar mais agilidade no seu dia a dia.[\/vc_column_text][\/vc_column][\/vc_row][vc_row][vc_column][vc_empty_space height=&#8221;40px&#8221;][\/vc_column][\/vc_row][vc_row][vc_column width=&#8221;1\/2&#8243;][vc_btn title=&#8221;WHATSAPP ASSIST\u00caNCIA 24H&#8221; style=&#8221;custom&#8221; custom_background=&#8221;#00aa08&#8243; custom_text=&#8221;#ffffff&#8221; shape=&#8221;round&#8221; size=&#8221;lg&#8221; align=&#8221;center&#8221; i_align=&#8221;right&#8221; i_icon_fontawesome=&#8221;fa fa-whatsapp&#8221; link=&#8221;url:https%3A%2F%2Fapi.whatsapp.com%2Fsend%3Fphone%3D551127701103%26text%3DPreciso%2520de%2520uma%2520Assist%25C3%25AAncia%2520T%25C3%25A9cnica%2520para%2520o%2520meu%2520Eletrodom%25C3%25A9stico&#8230;||target:%20_blank|&#8221; add_icon=&#8221;true&#8221;][\/vc_column][vc_column width=&#8221;1\/2&#8243;][vc_btn title=&#8221;LIGUE AGORA: (11) 2770-1103&#8243; style=&#8221;custom&#8221; custom_background=&#8221;#2a00a8&#8243; custom_text=&#8221;#ffffff&#8221; shape=&#8221;round&#8221; size=&#8221;lg&#8221; align=&#8221;center&#8221; i_icon_fontawesome=&#8221;fa fa-phone&#8221; link=&#8221;url:tel%3A%2B551127701103||target:%20_blank|&#8221; add_icon=&#8221;true&#8221;][\/vc_column][\/vc_row][vc_row][vc_column][vc_empty_space height=&#8221;40px&#8221;][vc_column_text]Ficar sem este <strong>eletrodom\u00e9stico,<\/strong> pode dificultar e levar mais tempo no preparo ou aquecimento de seu prato do dia, quando utilizado um forno ou fog\u00e3o, corre-se o risco de deixar o alimento mais seco ou at\u00e9 um pouco queimado e leva mais tempo de preparo, gastando mais energia ou g\u00e1s. J\u00e1 esse aparelho \u00e9 bem mais simples e qualquer usu\u00e1rio pode facilmente utiliz\u00e1-lo. Aqueles que fazem o uso do microondas, sabem a real utilidade dele, e podem ter muitas dores de cabe\u00e7a caso venha quebrar.<\/p>\n<p>Caso o microondas tenha parado de funcionar, recomendamos que procure uma <a href=\"https:\/\/eluxfrio.com.br\/sao-paulo\/assistencia-tecnica-sp\/\"><strong>assist\u00eancia t\u00e9cnica<\/strong><\/a>, nunca tente consertar aparelhos dom\u00e9sticos sem conhecimento, pe\u00e7as necess\u00e1rias e ferramentas pr\u00f3prias para o procedimento. Caso tente consertar seu microondas sozinho, isso pode prejudicar ainda mais seu aparelho, danificando ainda mais pe\u00e7as e elementos, resultando em ainda mais perdas.[\/vc_column_text][vc_empty_space height=&#8221;40px&#8221;][\/vc_column][\/vc_row][vc_row][vc_column][vc_empty_space height=&#8221;40px&#8221;][vc_column_text]<\/p>\n<h2 style=\"text-align: center;\">Onde consigo conserto meu microondas?<\/h2>\n<p>N\u00e3o deixe para depois a oportunidade de resolver seu problema, contate a melhor <strong><a href=\"https:\/\/eluxfrio.com.br\/sao-paulo\/assistencia-tecnica-sp\/\">assist\u00eancia t\u00e9cnica de S\u00e3o Paulo<\/a><\/strong>, oferecemos nossos servi\u00e7os, a <a href=\"https:\/\/eluxfrio.com.br\/sao-paulo\/empresa-de-assistencia-tecnica-sp\/\"><strong>Eluxfrio<\/strong><\/a> pode ajudar!<\/p>\n<p>A Eluxfrio realiza o <a href=\"https:\/\/eluxfrio.com.br\/sao-paulo\/conserto-de-eletrodomestico-sao-paulo\/\"><strong>conserto de microondas em S\u00e3o Paulo<\/strong><\/a>, com a melhor <strong>assist\u00eancia t\u00e9cnica<\/strong> da regi\u00e3o e mais de 10 anos de mercado, a empresa trabalha com pe\u00e7as originais, qualidade excepcional de atendimento e profissionalismo, podemos com certeza realizar o <strong>conserto de microondas em S\u00e3o Paulo<\/strong>, oferecemos uma incr\u00edvel garantia de 90 dias!<\/p>\n<p>Trabalhamos com marcas famosas e variadas, tais como:<strong> <a href=\"https:\/\/eluxfrio.com.br\/sao-paulo\/assistencia-tecnica-brastemp\/\">Brastemp<\/a><\/strong>, <a href=\"https:\/\/eluxfrio.com.br\/sao-paulo\/assistencia-tecnica-electrolux\/\"><strong>Electrolux<\/strong><\/a>, <strong><a href=\"https:\/\/eluxfrio.com.br\/sao-paulo\/assistencia-tecnica-consul\/\">Consul<\/a><\/strong>, <strong><a href=\"https:\/\/eluxfrio.com.br\/sao-paulo\/assistencia-tecnica-continental\/\">Continental<\/a><\/strong>, <strong><a href=\"https:\/\/eluxfrio.com.br\/sao-paulo\/assistencia-tecnica-samsung\/\">Samsung<\/a><\/strong>, <strong><a href=\"https:\/\/eluxfrio.com.br\/sao-paulo\/assistencia-tecnica-lg\/\">LG<\/a><\/strong>, <strong><a href=\"https:\/\/eluxfrio.com.br\/sao-paulo\/assistencia-tecnica-ge\/\">GE<\/a><\/strong>, <strong><a href=\"https:\/\/eluxfrio.com.br\/sao-paulo\/assistencia-tecnica-dako\/\">DAKO<\/a><\/strong> e <strong><a href=\"https:\/\/eluxfrio.com.br\/sao-paulo\/assistencia-tecnica-bosch\/\">Bosch<\/a><\/strong>.<\/p>\n<p>Atendemos os principais bairros de S\u00e3o Paulo![\/vc_column_text][vc_empty_space height=&#8221;40px&#8221;][\/vc_column][\/vc_row][vc_row][vc_column width=&#8221;1\/2&#8243;][vc_btn title=&#8221;WHATSAPP ASSIST\u00caNCIA 24H&#8221; style=&#8221;custom&#8221; custom_background=&#8221;#00aa08&#8243; custom_text=&#8221;#ffffff&#8221; shape=&#8221;round&#8221; size=&#8221;lg&#8221; align=&#8221;center&#8221; i_align=&#8221;right&#8221; i_icon_fontawesome=&#8221;fa fa-whatsapp&#8221; link=&#8221;url:https%3A%2F%2Fapi.whatsapp.com%2Fsend%3Fphone%3D551127701103%26text%3DPreciso%2520de%2520uma%2520Assist%25C3%25AAncia%2520T%25C3%25A9cnica%2520para%2520o%2520meu%2520Eletrodom%25C3%25A9stico&#8230;||target:%20_blank|&#8221; add_icon=&#8221;true&#8221;][\/vc_column][vc_column width=&#8221;1\/2&#8243;][vc_btn title=&#8221;LIGUE AGORA: (11) 2770-1103&#8243; style=&#8221;custom&#8221; custom_background=&#8221;#2a00a8&#8243; custom_text=&#8221;#ffffff&#8221; shape=&#8221;round&#8221; size=&#8221;lg&#8221; align=&#8221;center&#8221; i_icon_fontawesome=&#8221;fa fa-phone&#8221; link=&#8221;url:tel%3A%2B551127701103||target:%20_blank|&#8221; add_icon=&#8221;true&#8221;][\/vc_column][\/vc_row][vc_row][vc_column][vc_empty_space height=&#8221;40px&#8221;][\/vc_column][\/vc_row]<\/p>\n","protected":false},"excerpt":{"rendered":"<p>[vc_row][vc_column width=&#8221;1\/3&#8243;][vc_empty_space height=&#8221;20px&#8221;][vc_single_image image=&#8221;1069&#8243; img_size=&#8221;full&#8221; alignment=&#8221;center&#8221;][\/vc_column][vc_column width=&#8221;2\/3&#8243;][vc_column_text] Problemas com o seu microondas? O microondas \u00e9 um eletrodom\u00e9stico capaz de reduzir o tempo do preparo de alimentos, tornando mais pr\u00e1tica e simples a vida de seus usu\u00e1rios. Sendo muito \u00fatil na prepara\u00e7\u00e3o de v\u00e1rios pratos e aquecendo \u00e0 temperatura ideal para consumo. Al\u00e9m de proporcionar mais [&hellip;]<\/p>\n","protected":false},"author":1,"featured_media":0,"parent":0,"menu_order":0,"comment_status":"closed","ping_status":"closed","template":"","meta":[],"yst_prominent_words":[],"_links":{"self":[{"href":"https:\/\/eluxfrio.com.br\/sao-paulo\/wp-json\/wp\/v2\/pages\/1776"}],"collection":[{"href":"https:\/\/eluxfrio.com.br\/sao-paulo\/wp-json\/wp\/v2\/pages"}],"about":[{"href":"https:\/\/eluxfrio.com.br\/sao-paulo\/wp-json\/wp\/v2\/types\/page"}],"author":[{"embeddable":true,"href":"https:\/\/eluxfrio.com.br\/sao-paulo\/wp-json\/wp\/v2\/users\/1"}],"replies":[{"embeddable":true,"href":"https:\/\/eluxfrio.com.br\/sao-paulo\/wp-json\/wp\/v2\/comments?post=1776"}],"version-history":[{"count":0,"href":"https:\/\/eluxfrio.com.br\/sao-paulo\/wp-json\/wp\/v2\/pages\/1776\/revisions"}],"wp:attachment":[{"href":"https:\/\/eluxfrio.com.br\/sao-paulo\/wp-json\/wp\/v2\/media?parent=1776"}],"wp:term":[{"taxonomy":"yst_prominent_words","embeddable":true,"href":"https:\/\/eluxfrio.com.br\/sao-paulo\/wp-json\/wp\/v2\/yst_prominent_words?post=1776"}],"curies":[{"name":"wp","href":"https:\/\/api.w.org\/{rel}","templated":true}]}}

<p>[vc_row][vc_column width=&#8221;1/3&#8243;][vc_empty_space height=&#8221;20px&#8221;][vc_single_image image=&#8221;1069&#8243; img_size=&#8221;full&#8221; alignment=&#8221;center&#8221;][/vc_column][vc_column width=&#8221;2/3&#8243;][vc_column_text]</p>
<h2>Problemas com o seu microondas?</h2>
<p>O <strong>microondas</strong> é um eletrodoméstico capaz de reduzir o tempo do preparo de alimentos, tornando mais prática e simples a vida de seus usuários. Sendo muito útil na preparação de vários pratos e aquecendo à temperatura ideal para consumo. Além de proporcionar mais agilidade no seu dia a dia.[/vc_column_text][/vc_column][/vc_row][vc_row][vc_column][vc_empty_space height=&#8221;40px&#8221;][/vc_column][/vc_row][vc_row][vc_column width=&#8221;1/2&#8243;][vc_btn title=&#8221;WHATSAPP ASSISTÊNCIA 24H&#8221; style=&#8221;custom&#8221; custom_background=&#8221;#00aa08&#8243; custom_text=&#8221;#ffffff&#8221; shape=&#8221;round&#8221; size=&#8221;lg&#8221; align=&#8221;center&#8221; i_align=&#8221;right&#8221; i_icon_fontawesome=&#8221;fa fa-whatsapp&#8221; link=&#8221;url:https%3A%2F%2Fapi.whatsapp.com%2Fsend%3Fphone%3D551127701103%26text%3DPreciso%2520de%2520uma%2520Assist%25C3%25AAncia%2520T%25C3%25A9cnica%2520para%2520o%2520meu%2520Eletrodom%25C3%25A9stico&#8230;||target:%20_blank|&#8221; add_icon=&#8221;true&#8221;][/vc_column][vc_column width=&#8221;1/2&#8243;][vc_btn title=&#8221;LIGUE AGORA: (11) 2770-1103&#8243; style=&#8221;custom&#8221; custom_background=&#8221;#2a00a8&#8243; custom_text=&#8221;#ffffff&#8221; shape=&#8221;round&#8221; size=&#8221;lg&#8221; align=&#8221;center&#8221; i_icon_fontawesome=&#8221;fa fa-phone&#8221; link=&#8221;url:tel%3A%2B551127701103||target:%20_blank|&#8221; add_icon=&#8221;true&#8221;][/vc_column][/vc_row][vc_row][vc_column][vc_empty_space height=&#8221;40px&#8221;][vc_column_text]Ficar sem este <strong>eletrodoméstico,</strong> pode dificultar e levar mais tempo no preparo ou aquecimento de seu prato do dia, quando utilizado um forno ou fogão, corre-se o risco de deixar o alimento mais seco ou até um pouco queimado e leva mais tempo de preparo, gastando mais energia ou gás. Já esse aparelho é bem mais simples e qualquer usuário pode facilmente utilizá-lo. Aqueles que fazem o uso do microondas, sabem a real utilidade dele, e podem ter muitas dores de cabeça caso venha quebrar.</p>
<p>Caso o microondas tenha parado de funcionar, recomendamos que procure uma <a href="https://eluxfrio.com.br/sao-paulo/assistencia-tecnica-sp/"><strong>assistência técnica</strong></a>, nunca tente consertar aparelhos domésticos sem conhecimento, peças necessárias e ferramentas próprias para o procedimento. Caso tente consertar seu microondas sozinho, isso pode prejudicar ainda mais seu aparelho, danificando ainda mais peças e elementos, resultando em ainda mais perdas.[/vc_column_text][vc_empty_space height=&#8221;40px&#8221;][/vc_column][/vc_row][vc_row][vc_column][vc_empty_space height=&#8221;40px&#8221;][vc_column_text]</p>
<h2 style="text-align: center;">Onde consigo conserto meu microondas?</h2>
<p>Não deixe para depois a oportunidade de resolver seu problema, contate a melhor <strong><a href="https://eluxfrio.com.br/sao-paulo/assistencia-tecnica-sp/">assistência técnica de São Paulo</a></strong>, oferecemos nossos serviços, a <a href="https://eluxfrio.com.br/sao-paulo/empresa-de-assistencia-tecnica-sp/"><strong>Eluxfrio</strong></a> pode ajudar!</p>
<p>A Eluxfrio realiza o <a href="https://eluxfrio.com.br/sao-paulo/conserto-de-eletrodomestico-sao-paulo/"><strong>conserto de microondas em São Paulo</strong></a>, com a melhor <strong>assistência técnica</strong> da região e mais de 10 anos de mercado, a empresa trabalha com peças originais, qualidade excepcional de atendimento e profissionalismo, podemos com certeza realizar o <strong>conserto de microondas em São Paulo</strong>, oferecemos uma incrível garantia de 90 dias!</p>
<p>Trabalhamos com marcas famosas e variadas, tais como:<strong> <a href="https://eluxfrio.com.br/sao-paulo/assistencia-tecnica-brastemp/">Brastemp</a></strong>, <a href="https://eluxfrio.com.br/sao-paulo/assistencia-tecnica-electrolux/"><strong>Electrolux</strong></a>, <strong><a href="https://eluxfrio.com.br/sao-paulo/assistencia-tecnica-consul/">Consul</a></strong>, <strong><a href="https://eluxfrio.com.br/sao-paulo/assistencia-tecnica-continental/">Continental</a></strong>, <strong><a href="https://eluxfrio.com.br/sao-paulo/assistencia-tecnica-samsung/">Samsung</a></strong>, <strong><a href="https://eluxfrio.com.br/sao-paulo/assistencia-tecnica-lg/">LG</a></strong>, <strong><a href="https://eluxfrio.com.br/sao-paulo/assistencia-tecnica-ge/">GE</a></strong>, <strong><a href="https://eluxfrio.com.br/sao-paulo/assistencia-tecnica-dako/">DAKO</a></strong> e <strong><a href="https://eluxfrio.com.br/sao-paulo/assistencia-tecnica-bosch/">Bosch</a></strong>.</p>
<p>Atendemos os principais bairros de São Paulo![/vc_column_text][vc_empty_space height=&#8221;40px&#8221;][/vc_column][/vc_row][vc_row][vc_column width=&#8221;1/2&#8243;][vc_btn title=&#8221;WHATSAPP ASSISTÊNCIA 24H&#8221; style=&#8221;custom&#8221; custom_background=&#8221;#00aa08&#8243; custom_text=&#8221;#ffffff&#8221; shape=&#8221;round&#8221; size=&#8221;lg&#8221; align=&#8221;center&#8221; i_align=&#8221;right&#8221; i_icon_fontawesome=&#8221;fa fa-whatsapp&#8221; link=&#8221;url:https%3A%2F%2Fapi.whatsapp.com%2Fsend%3Fphone%3D551127701103%26text%3DPreciso%2520de%2520uma%2520Assist%25C3%25AAncia%2520T%25C3%25A9cnica%2520para%2520o%2520meu%2520Eletrodom%25C3%25A9stico&#8230;||target:%20_blank|&#8221; add_icon=&#8221;true&#8221;][/vc_column][vc_column width=&#8221;1/2&#8243;][vc_btn title=&#8221;LIGUE AGORA: (11) 2770-1103&#8243; style=&#8221;custom&#8221; custom_background=&#8221;#2a00a8&#8243; custom_text=&#8221;#ffffff&#8221; shape=&#8221;round&#8221; size=&#8221;lg&#8221; align=&#8221;center&#8221; i_icon_fontawesome=&#8221;fa fa-phone&#8221; link=&#8221;url:tel%3A%2B551127701103||target:%20_blank|&#8221; add_icon=&#8221;true&#8221;][/vc_column][/vc_row][vc_row][vc_column][vc_empty_space height=&#8221;40px&#8221;][/vc_column][/vc_row]</p>

<p>[vc_row][vc_column width=&#8221;1/3&#8243;][vc_empty_space height=&#8221;20px&#8221;][vc_single_image image=&#8221;1069&#8243; img_size=&#8221;full&#8221; alignment=&#8221;center&#8221;][/vc_column][vc_column width=&#8221;2/3&#8243;][vc_column_text] Problemas com o seu microondas? O microondas é um eletrodoméstico capaz de reduzir o tempo do preparo de alimentos, tornando mais prática e simples a vida de seus usuários. Sendo muito útil na preparação de vários pratos e aquecendo à temperatura ideal para consumo. Além de proporcionar mais [&hellip;]</p>
