{"id":2054,"date":"2023-02-23T10:01:59","date_gmt":"2023-02-23T13:01:59","guid":{"rendered":"https:\/\/eluxfrio.com.br\/sao-paulo\/?page_id=2054"},"modified":"2025-05-12T12:16:18","modified_gmt":"2025-05-12T15:16:18","slug":"assistencia-tecnica-dako","status":"publish","type":"page","link":"https:\/\/eluxfrio.com.br\/sao-paulo\/assistencia-tecnica-dako\/","title":{"rendered":"Assist\u00eancia T\u00e9cnica Dako"},"content":{"rendered":"<p>[vc_row][vc_column][vc_column_text]Se voc\u00ea possui algum <strong>eletrodom\u00e9stico da marca Dako<\/strong> que esteja precisando de reparo, a melhor op\u00e7\u00e3o \u00e9 procurar pela nossa <strong>assist\u00eancia t\u00e9cnica Dako<\/strong>. A <strong><a href=\"https:\/\/eluxfrio.com.br\/sao-paulo\/assistencia-tecnica-sp\/\">assist\u00eancia t\u00e9cnica de eletrodom\u00e9sticos<\/a> <\/strong>\u00e9 fundamental para garantir que seus aparelhos voltem a funcionar corretamente, prolongando sua vida \u00fatil e evitando gastos desnecess\u00e1rios com a troca de equipamentos.<\/p>\n<p>A <strong>Dako<\/strong> \u00e9 uma marca muito conhecida por oferecer produtos de qualidade no mercado de eletrodom\u00e9sticos. Se voc\u00ea possui um <a href=\"https:\/\/eluxfrio.com.br\/sao-paulo\/conserto-de-fogao-sp\/\"><strong>fog\u00e3o Dako<\/strong><\/a> que precisa de conserto, por exemplo, a<strong><a href=\"https:\/\/eluxfrio.com.br\/sao-paulo\/empresa-de-assistencia-tecnica-sp\/\"> Eluxfrio SP<\/a><\/strong> \u00e9 a melhor op\u00e7\u00e3o para resolver o problema. Possu\u00edmos profissionais capacitados e treinados para realizar o <a href=\"https:\/\/eluxfrio.com.br\/sao-paulo\/conserto-de-eletrodomestico-sao-paulo\/\"><strong>conserto de eletrodom\u00e9sticos<\/strong> <\/a>da marca, garantindo a qualidade e a seguran\u00e7a dos servi\u00e7os prestados.[\/vc_column_text][vc_empty_space height=&#8221;60px&#8221;][\/vc_column][\/vc_row][vc_row][vc_column width=&#8221;1\/2&#8243;][vc_btn title=&#8221;WHATSAPP ASSIST\u00caNCIA 24H&#8221; style=&#8221;custom&#8221; custom_background=&#8221;#00aa08&#8243; custom_text=&#8221;#ffffff&#8221; shape=&#8221;round&#8221; size=&#8221;lg&#8221; align=&#8221;center&#8221; i_align=&#8221;right&#8221; i_icon_fontawesome=&#8221;fa fa-whatsapp&#8221; link=&#8221;url:https%3A%2F%2Fapi.whatsapp.com%2Fsend%3Fphone%3D551127701103%26text%3DPreciso%2520de%2520uma%2520Assist%25C3%25AAncia%2520T%25C3%25A9cnica%2520para%2520o%2520meu%2520Eletrodom%25C3%25A9stico&#8230;||target:%20_blank|&#8221; add_icon=&#8221;true&#8221;][\/vc_column][vc_column width=&#8221;1\/2&#8243;][vc_btn title=&#8221;LIGUE AGORA: (11) 2770-1103&#8243; style=&#8221;custom&#8221; custom_background=&#8221;#2a00a8&#8243; custom_text=&#8221;#ffffff&#8221; shape=&#8221;round&#8221; size=&#8221;lg&#8221; align=&#8221;center&#8221; i_icon_fontawesome=&#8221;fa fa-phone&#8221; link=&#8221;url:tel%3A%2B551127701103||target:%20_blank|&#8221; add_icon=&#8221;true&#8221;][\/vc_column][\/vc_row][vc_row][vc_column][vc_empty_space height=&#8221;40px&#8221;][vc_column_text]<\/p>\n<h2 style=\"text-align: center;\">Assist\u00eancia T\u00e9cnica Dako SP<\/h2>\n<p>[\/vc_column_text][vc_empty_space height=&#8221;30px&#8221;][vc_column_text]Al\u00e9m disso, a nossa <a href=\"https:\/\/eluxfrio.com.br\/sao-paulo\/assistencia-tecnica-sp\/\"><strong>assist\u00eancia t\u00e9cnica<\/strong><\/a> oferece uma s\u00e9rie de vantagens para seus clientes, como a <strong>garantia de 90 dias<\/strong> pelo servi\u00e7o realizado, a utiliza\u00e7\u00e3o de <strong>pe\u00e7as originais<\/strong> e a agilidade no atendimento. Voc\u00ea pode agendar uma <strong>visita t\u00e9cnica pelo Whatsapp<\/strong> para que um dos nossos profissionais v\u00e1 at\u00e9 sua casa e fa\u00e7a o<strong> conserto do seu eletrodom\u00e9stico<\/strong>.<\/p>\n<p>Portanto, se voc\u00ea precisa de<strong> conserto de eletrodom\u00e9sticos Dako<\/strong>, n\u00e3o hesite em procurar pela nossa <strong>assist\u00eancia t\u00e9cnica dako<\/strong>. Com profissionais qualificados e treinados. Oferecemos ao nosso cliente um <strong>pagamento facilitado seja em dinheiro, cart\u00e3o de d\u00e9bito ou cr\u00e9dito e Pix.<\/strong>[\/vc_column_text][vc_empty_space height=&#8221;60px&#8221;][\/vc_column][\/vc_row][vc_row][vc_column width=&#8221;1\/2&#8243;][vc_btn title=&#8221;WHATSAPP ASSIST\u00caNCIA 24H&#8221; style=&#8221;custom&#8221; custom_background=&#8221;#00aa08&#8243; custom_text=&#8221;#ffffff&#8221; shape=&#8221;round&#8221; size=&#8221;lg&#8221; align=&#8221;center&#8221; i_align=&#8221;right&#8221; i_icon_fontawesome=&#8221;fa fa-whatsapp&#8221; link=&#8221;url:https%3A%2F%2Fapi.whatsapp.com%2Fsend%3Fphone%3D551127701103%26text%3DPreciso%2520de%2520uma%2520Assist%25C3%25AAncia%2520T%25C3%25A9cnica%2520para%2520o%2520meu%2520Eletrodom%25C3%25A9stico&#8230;||target:%20_blank|&#8221; add_icon=&#8221;true&#8221;][\/vc_column][vc_column width=&#8221;1\/2&#8243;][vc_btn title=&#8221;LIGUE AGORA: (11) 2770-1103&#8243; style=&#8221;custom&#8221; custom_background=&#8221;#2a00a8&#8243; custom_text=&#8221;#ffffff&#8221; shape=&#8221;round&#8221; size=&#8221;lg&#8221; align=&#8221;center&#8221; i_icon_fontawesome=&#8221;fa fa-phone&#8221; link=&#8221;url:tel%3A%2B551127701103||target:%20_blank|&#8221; add_icon=&#8221;true&#8221;][\/vc_column][\/vc_row][vc_row][vc_column][vc_empty_space height=&#8221;60px&#8221;][\/vc_column][\/vc_row]<\/p>\n","protected":false},"excerpt":{"rendered":"<p>[vc_row][vc_column][vc_column_text]Se voc\u00ea possui algum eletrodom\u00e9stico da marca Dako que esteja precisando de reparo, a melhor op\u00e7\u00e3o \u00e9 procurar pela nossa assist\u00eancia t\u00e9cnica Dako. A assist\u00eancia t\u00e9cnica de eletrodom\u00e9sticos \u00e9 fundamental para garantir que seus aparelhos voltem a funcionar corretamente, prolongando sua vida \u00fatil e evitando gastos desnecess\u00e1rios com a troca de equipamentos. A Dako \u00e9 [&hellip;]<\/p>\n","protected":false},"author":1,"featured_media":0,"parent":0,"menu_order":0,"comment_status":"closed","ping_status":"closed","template":"","meta":[],"yst_prominent_words":[],"_links":{"self":[{"href":"https:\/\/eluxfrio.com.br\/sao-paulo\/wp-json\/wp\/v2\/pages\/2054"}],"collection":[{"href":"https:\/\/eluxfrio.com.br\/sao-paulo\/wp-json\/wp\/v2\/pages"}],"about":[{"href":"https:\/\/eluxfrio.com.br\/sao-paulo\/wp-json\/wp\/v2\/types\/page"}],"author":[{"embeddable":true,"href":"https:\/\/eluxfrio.com.br\/sao-paulo\/wp-json\/wp\/v2\/users\/1"}],"replies":[{"embeddable":true,"href":"https:\/\/eluxfrio.com.br\/sao-paulo\/wp-json\/wp\/v2\/comments?post=2054"}],"version-history":[{"count":0,"href":"https:\/\/eluxfrio.com.br\/sao-paulo\/wp-json\/wp\/v2\/pages\/2054\/revisions"}],"wp:attachment":[{"href":"https:\/\/eluxfrio.com.br\/sao-paulo\/wp-json\/wp\/v2\/media?parent=2054"}],"wp:term":[{"taxonomy":"yst_prominent_words","embeddable":true,"href":"https:\/\/eluxfrio.com.br\/sao-paulo\/wp-json\/wp\/v2\/yst_prominent_words?post=2054"}],"curies":[{"name":"wp","href":"https:\/\/api.w.org\/{rel}","templated":true}]}}