{"id":2056,"date":"2023-02-23T10:02:04","date_gmt":"2023-02-23T13:02:04","guid":{"rendered":"https:\/\/eluxfrio.com.br\/sao-paulo\/?page_id=2056"},"modified":"2025-05-12T12:16:07","modified_gmt":"2025-05-12T15:16:07","slug":"assistencia-tecnica-ge","status":"publish","type":"page","link":"https:\/\/eluxfrio.com.br\/sao-paulo\/assistencia-tecnica-ge\/","title":{"rendered":"Assist\u00eancia T\u00e9cnica GE"},"content":{"rendered":"<p>[vc_row][vc_column][vc_column_text]Se voc\u00ea possui um <strong>eletrodom\u00e9stico da marca GE<\/strong> que apresentou problemas, a <strong>assist\u00eancia t\u00e9cnica GE<\/strong> \u00e9 a melhor op\u00e7\u00e3o para garantir o conserto adequado do seu equipamento. Com a<strong> assist\u00eancia t\u00e9cnica de eletrodom\u00e9sticos GE<\/strong>, voc\u00ea ter\u00e1 acesso a t\u00e9cnicos especializados na marca, que possuem o conhecimento necess\u00e1rio para identificar e solucionar os problemas do seu aparelho.<\/p>\n<p>O <a href=\"https:\/\/eluxfrio.com.br\/sao-paulo\/conserto-de-eletrodomestico-sao-paulo\/\"><strong>conserto de eletrodom\u00e9sticos<\/strong><\/a> \u00e9 uma atividade que requer habilidade e conhecimento t\u00e9cnico espec\u00edfico. \u00c9 importante que o profissional que realizar\u00e1 o servi\u00e7o tenha experi\u00eancia e esteja atualizado sobre as tecnologias utilizadas nos equipamentos da marca GE. Na <strong><a href=\"https:\/\/eluxfrio.com.br\/sao-paulo\/empresa-de-assistencia-tecnica-sp\/\">Eluxfrio SP<\/a><\/strong>, os t\u00e9cnicos s\u00e3o treinados para lidar com qualquer tipo de problema em <strong>eletrodom\u00e9sticos GE<\/strong>.<\/p>\n<p>Ao escolher a <a href=\"https:\/\/eluxfrio.com.br\/sao-paulo\/assistencia-tecnica-sp\/\"><strong>assist\u00eancia t\u00e9cnica<\/strong> <\/a><strong>GE da Eluxfrio SP<\/strong>, voc\u00ea ter\u00e1 a certeza de que seu aparelho ser\u00e1 consertado com pe\u00e7as originais da marca. Essas pe\u00e7as s\u00e3o especialmente desenvolvidas para atender aos padr\u00f5es de qualidade dos equipamentos GE, o que garante que o seu eletrodom\u00e9stico funcionar\u00e1 adequadamente ap\u00f3s o conserto.[\/vc_column_text][vc_empty_space height=&#8221;60px&#8221;][\/vc_column][\/vc_row][vc_row][vc_column width=&#8221;1\/2&#8243;][vc_btn title=&#8221;WHATSAPP ASSIST\u00caNCIA 24H&#8221; style=&#8221;custom&#8221; custom_background=&#8221;#00aa08&#8243; custom_text=&#8221;#ffffff&#8221; shape=&#8221;round&#8221; size=&#8221;lg&#8221; align=&#8221;center&#8221; i_align=&#8221;right&#8221; i_icon_fontawesome=&#8221;fa fa-whatsapp&#8221; link=&#8221;url:https%3A%2F%2Fapi.whatsapp.com%2Fsend%3Fphone%3D551127701103%26text%3DPreciso%2520de%2520uma%2520Assist%25C3%25AAncia%2520T%25C3%25A9cnica%2520para%2520o%2520meu%2520Eletrodom%25C3%25A9stico&#8230;||target:%20_blank|&#8221; add_icon=&#8221;true&#8221;][\/vc_column][vc_column width=&#8221;1\/2&#8243;][vc_btn title=&#8221;LIGUE AGORA: (11) 2770-1103&#8243; style=&#8221;custom&#8221; custom_background=&#8221;#2a00a8&#8243; custom_text=&#8221;#ffffff&#8221; shape=&#8221;round&#8221; size=&#8221;lg&#8221; align=&#8221;center&#8221; i_icon_fontawesome=&#8221;fa fa-phone&#8221; link=&#8221;url:tel%3A%2B551127701103||target:%20_blank|&#8221; add_icon=&#8221;true&#8221;][\/vc_column][\/vc_row][vc_row][vc_column][vc_empty_space height=&#8221;40px&#8221;][vc_column_text]<\/p>\n<h2 style=\"text-align: center;\">Assist\u00eancia T\u00e9cnica GE SP<\/h2>\n<p>[\/vc_column_text][vc_empty_space height=&#8221;30px&#8221;][vc_column_text]A nossa <strong>assist\u00eancia t\u00e9cnica de eletrodom\u00e9sticos GE<\/strong> oferece um servi\u00e7o r\u00e1pido e eficiente. Os nossos<strong> t\u00e9cnicos da GE<\/strong> est\u00e3o dispon\u00edveis para atender as solicita\u00e7\u00f5es de <strong>conserto de eletrodom\u00e9sticos<\/strong> o mais r\u00e1pido poss\u00edvel, o que significa que voc\u00ea n\u00e3o ter\u00e1 que esperar muito tempo para ter o seu equipamento funcionando novamente.<\/p>\n<p>Se voc\u00ea tem um <strong>eletrodom\u00e9stico da marca GE<\/strong> que precisa de reparo, n\u00e3o hesite em contatar a nossa <strong>assist\u00eancia t\u00e9cnica GE<\/strong>. Oferecemos <strong>garantia de 90 dias<\/strong> em seus servi\u00e7os de <strong>conserto de eletrodom\u00e9sticos.<\/strong><\/p>\n<p>Voc\u00ea pode agendar uma visita t\u00e9cnica pelo Whatsapp para que um dos nossos profissionais v\u00e1 at\u00e9 sua casa e fa\u00e7a o conserto do seu eletrodom\u00e9stico. N\u00e3o hesite em procurar pela nossa <strong>assist\u00eancia t\u00e9cnica<\/strong>. Oferecemos ao nosso cliente um <strong>pagamento facilitado seja em dinheiro, cart\u00e3o de d\u00e9bito ou cr\u00e9dito e Pix.<\/strong>[\/vc_column_text][vc_empty_space height=&#8221;60px&#8221;][\/vc_column][\/vc_row][vc_row][vc_column width=&#8221;1\/2&#8243;][vc_btn title=&#8221;WHATSAPP ASSIST\u00caNCIA 24H&#8221; style=&#8221;custom&#8221; custom_background=&#8221;#00aa08&#8243; custom_text=&#8221;#ffffff&#8221; shape=&#8221;round&#8221; size=&#8221;lg&#8221; align=&#8221;center&#8221; i_align=&#8221;right&#8221; i_icon_fontawesome=&#8221;fa fa-whatsapp&#8221; link=&#8221;url:https%3A%2F%2Fapi.whatsapp.com%2Fsend%3Fphone%3D551127701103%26text%3DPreciso%2520de%2520uma%2520Assist%25C3%25AAncia%2520T%25C3%25A9cnica%2520para%2520o%2520meu%2520Eletrodom%25C3%25A9stico&#8230;||target:%20_blank|&#8221; add_icon=&#8221;true&#8221;][\/vc_column][vc_column width=&#8221;1\/2&#8243;][vc_btn title=&#8221;LIGUE AGORA: (11) 2770-1103&#8243; style=&#8221;custom&#8221; custom_background=&#8221;#2a00a8&#8243; custom_text=&#8221;#ffffff&#8221; shape=&#8221;round&#8221; size=&#8221;lg&#8221; align=&#8221;center&#8221; i_icon_fontawesome=&#8221;fa fa-phone&#8221; link=&#8221;url:tel%3A%2B551127701103||target:%20_blank|&#8221; add_icon=&#8221;true&#8221;][\/vc_column][\/vc_row][vc_row][vc_column][vc_empty_space height=&#8221;60px&#8221;][\/vc_column][\/vc_row]<\/p>\n","protected":false},"excerpt":{"rendered":"<p>[vc_row][vc_column][vc_column_text]Se voc\u00ea possui um eletrodom\u00e9stico da marca GE que apresentou problemas, a assist\u00eancia t\u00e9cnica GE \u00e9 a melhor op\u00e7\u00e3o para garantir o conserto adequado do seu equipamento. Com a assist\u00eancia t\u00e9cnica de eletrodom\u00e9sticos GE, voc\u00ea ter\u00e1 acesso a t\u00e9cnicos especializados na marca, que possuem o conhecimento necess\u00e1rio para identificar e solucionar os problemas do seu [&hellip;]<\/p>\n","protected":false},"author":1,"featured_media":0,"parent":0,"menu_order":0,"comment_status":"closed","ping_status":"closed","template":"","meta":[],"yst_prominent_words":[],"_links":{"self":[{"href":"https:\/\/eluxfrio.com.br\/sao-paulo\/wp-json\/wp\/v2\/pages\/2056"}],"collection":[{"href":"https:\/\/eluxfrio.com.br\/sao-paulo\/wp-json\/wp\/v2\/pages"}],"about":[{"href":"https:\/\/eluxfrio.com.br\/sao-paulo\/wp-json\/wp\/v2\/types\/page"}],"author":[{"embeddable":true,"href":"https:\/\/eluxfrio.com.br\/sao-paulo\/wp-json\/wp\/v2\/users\/1"}],"replies":[{"embeddable":true,"href":"https:\/\/eluxfrio.com.br\/sao-paulo\/wp-json\/wp\/v2\/comments?post=2056"}],"version-history":[{"count":0,"href":"https:\/\/eluxfrio.com.br\/sao-paulo\/wp-json\/wp\/v2\/pages\/2056\/revisions"}],"wp:attachment":[{"href":"https:\/\/eluxfrio.com.br\/sao-paulo\/wp-json\/wp\/v2\/media?parent=2056"}],"wp:term":[{"taxonomy":"yst_prominent_words","embeddable":true,"href":"https:\/\/eluxfrio.com.br\/sao-paulo\/wp-json\/wp\/v2\/yst_prominent_words?post=2056"}],"curies":[{"name":"wp","href":"https:\/\/api.w.org\/{rel}","templated":true}]}}