{"id":2084,"date":"2023-02-23T10:36:50","date_gmt":"2023-02-23T13:36:50","guid":{"rendered":"https:\/\/eluxfrio.com.br\/sao-paulo\/?page_id=2084"},"modified":"2025-05-14T15:15:58","modified_gmt":"2025-05-14T18:15:58","slug":"conserto-de-lava-louca-sp","status":"publish","type":"page","link":"https:\/\/eluxfrio.com.br\/sao-paulo\/conserto-de-lava-louca-sp\/","title":{"rendered":"Conserto de Lava Lou\u00e7a SP"},"content":{"rendered":"<p>[vc_row][vc_column width=&#8221;1\/3&#8243;][vc_single_image image=&#8221;1063&#8243; img_size=&#8221;full&#8221; alignment=&#8221;center&#8221;][\/vc_column][vc_column width=&#8221;2\/3&#8243;][vc_column_text]A <strong>lava lou\u00e7as<\/strong>, tamb\u00e9m conhecida como <strong>m\u00e1quina de lavar lou\u00e7a<\/strong>, \u00e9 um eletrodom\u00e9stico muito \u00fatil em resid\u00eancias e estabelecimentos comerciais, pois permite a limpeza de uma grande quantidade de lou\u00e7as de forma r\u00e1pida e eficiente. No entanto, como qualquer equipamento, a <strong>lava lou\u00e7as<\/strong> pode apresentar problemas com o uso cont\u00ednuo e necessitar de conserto.<\/p>\n<p>O <strong>conserto de m\u00e1quina de lavar lou\u00e7a<\/strong> pode envolver diversas etapas, at\u00e9 a substitui\u00e7\u00e3o de pe\u00e7as danificadas. A <strong>troca de refil<\/strong> \u00e9 uma das tarefas mais comuns no <strong>conserto de lava lou\u00e7as<\/strong>, pois esse componente \u00e9 respons\u00e1vel por filtrar a \u00e1gua e evitar que res\u00edduos se acumulem no equipamento. Quando o refil est\u00e1 sujo ou danificado, a lava lou\u00e7as pode apresentar mau desempenho na limpeza das lou\u00e7as e at\u00e9 mesmo causar danos ao equipamento.[\/vc_column_text][\/vc_column][\/vc_row][vc_row][vc_column][vc_empty_space height=&#8221;40px&#8221;][\/vc_column][\/vc_row][vc_row][vc_column width=&#8221;1\/2&#8243;][vc_btn title=&#8221;WHATSAPP ASSIST\u00caNCIA 24H&#8221; style=&#8221;custom&#8221; custom_background=&#8221;#00aa08&#8243; custom_text=&#8221;#ffffff&#8221; shape=&#8221;round&#8221; size=&#8221;lg&#8221; align=&#8221;center&#8221; i_align=&#8221;right&#8221; i_icon_fontawesome=&#8221;fa fa-whatsapp&#8221; link=&#8221;url:https%3A%2F%2Fapi.whatsapp.com%2Fsend%3Fphone%3D551127701103%26text%3DPreciso%2520de%2520uma%2520Assist%25C3%25AAncia%2520T%25C3%25A9cnica%2520para%2520o%2520meu%2520Eletrodom%25C3%25A9stico&#8230;||target:%20_blank|&#8221; add_icon=&#8221;true&#8221;][\/vc_column][vc_column width=&#8221;1\/2&#8243;][vc_btn title=&#8221;LIGUE AGORA: (11) 2770-1103&#8243; style=&#8221;custom&#8221; custom_background=&#8221;#2a00a8&#8243; custom_text=&#8221;#ffffff&#8221; shape=&#8221;round&#8221; size=&#8221;lg&#8221; align=&#8221;center&#8221; i_icon_fontawesome=&#8221;fa fa-phone&#8221; link=&#8221;url:tel%3A%2B551127701103||target:%20_blank|&#8221; add_icon=&#8221;true&#8221;][\/vc_column][\/vc_row][vc_row][vc_column][vc_empty_space height=&#8221;40px&#8221;][vc_column_text]O <strong>conserto de m\u00e1quina de lavar lou\u00e7a<\/strong> pode envolver a substitui\u00e7\u00e3o de outras pe\u00e7as, como a bomba de \u00e1gua, o motor ou as v\u00e1lvulas de entrada e sa\u00edda de \u00e1gua. Essas pe\u00e7as s\u00e3o respons\u00e1veis pelo funcionamento correto da lava lou\u00e7as e sua substitui\u00e7\u00e3o pode ser necess\u00e1ria caso a m\u00e1quina apresente falhas na lavagem ou n\u00e3o esteja funcionando de forma adequada.[\/vc_column_text][vc_empty_space height=&#8221;40px&#8221;][\/vc_column][\/vc_row][vc_row][vc_column][vc_empty_space height=&#8221;40px&#8221;][vc_column_text]<\/p>\n<h2 style=\"text-align: center;\">Eluxfrio SP est\u00e1 pronta para resolver o seu problema<\/h2>\n<p>[\/vc_column_text][vc_empty_space height=&#8221;30px&#8221;][vc_column_text]\u00c9 importante destacar que o <strong>conserto de m\u00e1quina de lavar lou\u00e7a<\/strong> deve ser realizado por uma <a href=\"https:\/\/eluxfrio.com.br\/sao-paulo\/assistencia-tecnica-sp\/\"><strong>assist\u00eancia t\u00e9cnica<\/strong><\/a>, que tenha conhecimento t\u00e9cnico e experi\u00eancia na \u00e1rea. A tentativa de consertar o equipamento sem o conhecimento adequado pode resultar em danos ainda maiores \u00e0 lava lou\u00e7as e at\u00e9 mesmo colocar em risco a seguran\u00e7a do usu\u00e1rio.<\/p>\n<p>A <a href=\"https:\/\/eluxfrio.com.br\/sao-paulo\/empresa-de-assistencia-tecnica-sp\/\"><strong>Eluxfrio SP<\/strong><\/a> \u00e9 uma empresa pronta para resolver o problema da sua m\u00e1quina lava e seca, oferecemos <strong>garantia de 90 dias<\/strong> em seus servi\u00e7os de <a href=\"https:\/\/eluxfrio.com.br\/sao-paulo\/conserto-de-eletrodomestico-sao-paulo\/\"><strong>conserto de eletrodom\u00e9sticos<\/strong><\/a>.<\/p>\n<p>Voc\u00ea pode agendar uma visita t\u00e9cnica pelo <strong>Whatsapp<\/strong> para que um dos nossos profissionais v\u00e1 at\u00e9 sua casa. N\u00e3o hesite em procurar pela nossa <strong>assist\u00eancia t\u00e9cnica<\/strong>. <strong>Facilitamos o pagamento em dinheiro, cart\u00e3o de d\u00e9bito ou cr\u00e9dito e Pix<\/strong>.[\/vc_column_text][vc_empty_space height=&#8221;40px&#8221;][\/vc_column][\/vc_row][vc_row][vc_column width=&#8221;1\/2&#8243;][vc_btn title=&#8221;WHATSAPP ASSIST\u00caNCIA 24H&#8221; style=&#8221;custom&#8221; custom_background=&#8221;#00aa08&#8243; custom_text=&#8221;#ffffff&#8221; shape=&#8221;round&#8221; size=&#8221;lg&#8221; align=&#8221;center&#8221; i_align=&#8221;right&#8221; i_icon_fontawesome=&#8221;fa fa-whatsapp&#8221; link=&#8221;url:https%3A%2F%2Fapi.whatsapp.com%2Fsend%3Fphone%3D551127701103%26text%3DPreciso%2520de%2520uma%2520Assist%25C3%25AAncia%2520T%25C3%25A9cnica%2520para%2520o%2520meu%2520Eletrodom%25C3%25A9stico&#8230;||target:%20_blank|&#8221; add_icon=&#8221;true&#8221;][\/vc_column][vc_column width=&#8221;1\/2&#8243;][vc_btn title=&#8221;LIGUE AGORA: (11) 2770-1103&#8243; style=&#8221;custom&#8221; custom_background=&#8221;#2a00a8&#8243; custom_text=&#8221;#ffffff&#8221; shape=&#8221;round&#8221; size=&#8221;lg&#8221; align=&#8221;center&#8221; i_icon_fontawesome=&#8221;fa fa-phone&#8221; link=&#8221;url:tel%3A%2B551127701103||target:%20_blank|&#8221; add_icon=&#8221;true&#8221;][\/vc_column][\/vc_row][vc_row][vc_column][vc_empty_space height=&#8221;40px&#8221;][\/vc_column][\/vc_row]<\/p>\n","protected":false},"excerpt":{"rendered":"<p>[vc_row][vc_column width=&#8221;1\/3&#8243;][vc_single_image image=&#8221;1063&#8243; img_size=&#8221;full&#8221; alignment=&#8221;center&#8221;][\/vc_column][vc_column width=&#8221;2\/3&#8243;][vc_column_text]A lava lou\u00e7as, tamb\u00e9m conhecida como m\u00e1quina de lavar lou\u00e7a, \u00e9 um eletrodom\u00e9stico muito \u00fatil em resid\u00eancias e estabelecimentos comerciais, pois permite a limpeza de uma grande quantidade de lou\u00e7as de forma r\u00e1pida e eficiente. No entanto, como qualquer equipamento, a lava lou\u00e7as pode apresentar problemas com o uso cont\u00ednuo [&hellip;]<\/p>\n","protected":false},"author":1,"featured_media":0,"parent":0,"menu_order":0,"comment_status":"closed","ping_status":"closed","template":"","meta":[],"yst_prominent_words":[],"_links":{"self":[{"href":"https:\/\/eluxfrio.com.br\/sao-paulo\/wp-json\/wp\/v2\/pages\/2084"}],"collection":[{"href":"https:\/\/eluxfrio.com.br\/sao-paulo\/wp-json\/wp\/v2\/pages"}],"about":[{"href":"https:\/\/eluxfrio.com.br\/sao-paulo\/wp-json\/wp\/v2\/types\/page"}],"author":[{"embeddable":true,"href":"https:\/\/eluxfrio.com.br\/sao-paulo\/wp-json\/wp\/v2\/users\/1"}],"replies":[{"embeddable":true,"href":"https:\/\/eluxfrio.com.br\/sao-paulo\/wp-json\/wp\/v2\/comments?post=2084"}],"version-history":[{"count":0,"href":"https:\/\/eluxfrio.com.br\/sao-paulo\/wp-json\/wp\/v2\/pages\/2084\/revisions"}],"wp:attachment":[{"href":"https:\/\/eluxfrio.com.br\/sao-paulo\/wp-json\/wp\/v2\/media?parent=2084"}],"wp:term":[{"taxonomy":"yst_prominent_words","embeddable":true,"href":"https:\/\/eluxfrio.com.br\/sao-paulo\/wp-json\/wp\/v2\/yst_prominent_words?post=2084"}],"curies":[{"name":"wp","href":"https:\/\/api.w.org\/{rel}","templated":true}]}}

Conserto de Lava Louça SP

<p>[vc_row][vc_column width=&#8221;1/3&#8243;][vc_single_image image=&#8221;1063&#8243; img_size=&#8221;full&#8221; alignment=&#8221;center&#8221;][/vc_column][vc_column width=&#8221;2/3&#8243;][vc_column_text]A <strong>lava louças</strong>, também conhecida como <strong>máquina de lavar louça</strong>, é um eletrodoméstico muito útil em residências e estabelecimentos comerciais, pois permite a limpeza de uma grande quantidade de louças de forma rápida e eficiente. No entanto, como qualquer equipamento, a <strong>lava louças</strong> pode apresentar problemas com o uso contínuo e necessitar de conserto.</p>
<p>O <strong>conserto de máquina de lavar louça</strong> pode envolver diversas etapas, até a substituição de peças danificadas. A <strong>troca de refil</strong> é uma das tarefas mais comuns no <strong>conserto de lava louças</strong>, pois esse componente é responsável por filtrar a água e evitar que resíduos se acumulem no equipamento. Quando o refil está sujo ou danificado, a lava louças pode apresentar mau desempenho na limpeza das louças e até mesmo causar danos ao equipamento.[/vc_column_text][/vc_column][/vc_row][vc_row][vc_column][vc_empty_space height=&#8221;40px&#8221;][/vc_column][/vc_row][vc_row][vc_column width=&#8221;1/2&#8243;][vc_btn title=&#8221;WHATSAPP ASSISTÊNCIA 24H&#8221; style=&#8221;custom&#8221; custom_background=&#8221;#00aa08&#8243; custom_text=&#8221;#ffffff&#8221; shape=&#8221;round&#8221; size=&#8221;lg&#8221; align=&#8221;center&#8221; i_align=&#8221;right&#8221; i_icon_fontawesome=&#8221;fa fa-whatsapp&#8221; link=&#8221;url:https%3A%2F%2Fapi.whatsapp.com%2Fsend%3Fphone%3D551127701103%26text%3DPreciso%2520de%2520uma%2520Assist%25C3%25AAncia%2520T%25C3%25A9cnica%2520para%2520o%2520meu%2520Eletrodom%25C3%25A9stico&#8230;||target:%20_blank|&#8221; add_icon=&#8221;true&#8221;][/vc_column][vc_column width=&#8221;1/2&#8243;][vc_btn title=&#8221;LIGUE AGORA: (11) 2770-1103&#8243; style=&#8221;custom&#8221; custom_background=&#8221;#2a00a8&#8243; custom_text=&#8221;#ffffff&#8221; shape=&#8221;round&#8221; size=&#8221;lg&#8221; align=&#8221;center&#8221; i_icon_fontawesome=&#8221;fa fa-phone&#8221; link=&#8221;url:tel%3A%2B551127701103||target:%20_blank|&#8221; add_icon=&#8221;true&#8221;][/vc_column][/vc_row][vc_row][vc_column][vc_empty_space height=&#8221;40px&#8221;][vc_column_text]O <strong>conserto de máquina de lavar louça</strong> pode envolver a substituição de outras peças, como a bomba de água, o motor ou as válvulas de entrada e saída de água. Essas peças são responsáveis pelo funcionamento correto da lava louças e sua substituição pode ser necessária caso a máquina apresente falhas na lavagem ou não esteja funcionando de forma adequada.[/vc_column_text][vc_empty_space height=&#8221;40px&#8221;][/vc_column][/vc_row][vc_row][vc_column][vc_empty_space height=&#8221;40px&#8221;][vc_column_text]</p>
<h2 style="text-align: center;">Eluxfrio SP está pronta para resolver o seu problema</h2>
<p>[/vc_column_text][vc_empty_space height=&#8221;30px&#8221;][vc_column_text]É importante destacar que o <strong>conserto de máquina de lavar louça</strong> deve ser realizado por uma <a href="https://eluxfrio.com.br/sao-paulo/assistencia-tecnica-sp/"><strong>assistência técnica</strong></a>, que tenha conhecimento técnico e experiência na área. A tentativa de consertar o equipamento sem o conhecimento adequado pode resultar em danos ainda maiores à lava louças e até mesmo colocar em risco a segurança do usuário.</p>
<p>A <a href="https://eluxfrio.com.br/sao-paulo/empresa-de-assistencia-tecnica-sp/"><strong>Eluxfrio SP</strong></a> é uma empresa pronta para resolver o problema da sua máquina lava e seca, oferecemos <strong>garantia de 90 dias</strong> em seus serviços de <a href="https://eluxfrio.com.br/sao-paulo/conserto-de-eletrodomestico-sao-paulo/"><strong>conserto de eletrodomésticos</strong></a>.</p>
<p>Você pode agendar uma visita técnica pelo <strong>Whatsapp</strong> para que um dos nossos profissionais vá até sua casa. Não hesite em procurar pela nossa <strong>assistência técnica</strong>. <strong>Facilitamos o pagamento em dinheiro, cartão de débito ou crédito e Pix</strong>.[/vc_column_text][vc_empty_space height=&#8221;40px&#8221;][/vc_column][/vc_row][vc_row][vc_column width=&#8221;1/2&#8243;][vc_btn title=&#8221;WHATSAPP ASSISTÊNCIA 24H&#8221; style=&#8221;custom&#8221; custom_background=&#8221;#00aa08&#8243; custom_text=&#8221;#ffffff&#8221; shape=&#8221;round&#8221; size=&#8221;lg&#8221; align=&#8221;center&#8221; i_align=&#8221;right&#8221; i_icon_fontawesome=&#8221;fa fa-whatsapp&#8221; link=&#8221;url:https%3A%2F%2Fapi.whatsapp.com%2Fsend%3Fphone%3D551127701103%26text%3DPreciso%2520de%2520uma%2520Assist%25C3%25AAncia%2520T%25C3%25A9cnica%2520para%2520o%2520meu%2520Eletrodom%25C3%25A9stico&#8230;||target:%20_blank|&#8221; add_icon=&#8221;true&#8221;][/vc_column][vc_column width=&#8221;1/2&#8243;][vc_btn title=&#8221;LIGUE AGORA: (11) 2770-1103&#8243; style=&#8221;custom&#8221; custom_background=&#8221;#2a00a8&#8243; custom_text=&#8221;#ffffff&#8221; shape=&#8221;round&#8221; size=&#8221;lg&#8221; align=&#8221;center&#8221; i_icon_fontawesome=&#8221;fa fa-phone&#8221; link=&#8221;url:tel%3A%2B551127701103||target:%20_blank|&#8221; add_icon=&#8221;true&#8221;][/vc_column][/vc_row][vc_row][vc_column][vc_empty_space height=&#8221;40px&#8221;][/vc_column][/vc_row]</p>

<p>[vc_row][vc_column width=&#8221;1/3&#8243;][vc_single_image image=&#8221;1063&#8243; img_size=&#8221;full&#8221; alignment=&#8221;center&#8221;][/vc_column][vc_column width=&#8221;2/3&#8243;][vc_column_text]A lava louças, também conhecida como máquina de lavar louça, é um eletrodoméstico muito útil em residências e estabelecimentos comerciais, pois permite a limpeza de uma grande quantidade de louças de forma rápida e eficiente. No entanto, como qualquer equipamento, a lava louças pode apresentar problemas com o uso contínuo [&hellip;]</p>
